emainder when 860 is divided by 78?
2
What is the remainder when 2695 is divided by 100?
95
Calculate the remainder when 466 is divided by 447.
19
What is the remainder when 1889 is divided by 18?
17
What is the remainder when 7652 is divided by 132?
128
What is the remainder when 171 is divided by 16?
11
Calculate the remainder when 341 is divided by 15.
11
What is the remainder when 134 is divided by 49?
36
What is the remainder when 5615 is divided by 11?
5
What is the remainder when 253 is divided by 68?
49
Calculate the remainder when 104 is divided by 3.
2
Calculate the remainder when 1492 is divided by 5.
2
What is the remainder when 390 is divided by 23?
22
Calculate the remainder when 974 is divided by 161.
8
Calculate the remainder when 1395 is divided by 695.
5
Calculate the remainder when 175 is divided by 4.
3
What is the remainder when 115 is divided by 36?
7
What is the remainder when 243 is divided by 59?
7
What is the remainder when 298 is divided by 21?
4
Calculate the remainder when 32 is divided by 13.
6
Calculate the remainder when 280 is divided by 250.
30
Calculate the remainder when 1447 is divided by 137.
77
Calculate the remainder when 686 is divided by 46.
42
Calculate the remainder when 324 is divided by 47.
42
Calculate the remainder when 196 is divided by 76.
44
What is the remainder when 782 is divided by 72?
62
What is the remainder when 116 is divided by 109?
7
What is the remainder when 272 is divided by 37?
13
Calculate the remainder when 2479 is divided by 5.
4
Calculate the remainder when 43619 is divided by 241.
239
Calculate the remainder when 2844 is divided by 8.
4
What is the remainder when 117 is divided by 51?
15
What is the remainder when 263 is divided by 75?
38
Calculate the remainder when 335 is divided by 125.
85
What is the remainder when 7312 is divided by 55?
52
What is the remainder when 158 is divided by 8?
6
Calculate the remainder when 1829 is divided by 907.
15
What is the remainder when 697 is divided by 20?
17
Calculate the remainder when 403 is divided by 250.
153
What is the remainder when 64 is divided by 33?
31
Calculate the remainder when 27 is divided by 25.
2
Calculate the remainder when 413 is divided by 392.
21
What is the remainder when 147 is divided by 6?
3
Calculate the remainder when 137 is divided by 37.
26
What is the remainder when 306 is divided by 22?
20
Calculate the remainder when 4551 is divided by 18.
15
What is the remainder when 7378 is divided by 64?
18
What is the remainder when 873 is divided by 19?
18
Calculate the remainder when 119 is divided by 40.
39
Calculate the remainder when 1239 is divided by 20.
19
Calculate the remainder when 189 is divided by 12.
9
Calculate the remainder when 17356 is divided by 35.
31
What is the remainder when 4692 is divided by 1560?
12
Calculate the remainder when 370 is divided by 17.
13
What is the remainder when 115 is divided by 52?
11
What is the remainder when 717 is divided by 59?
9
What is the remainder when 10247 is divided by 10?
7
Calculate the remainder when 91 is divided by 59.
32
Calculate the remainder when 613 is divided by 22.
19
What is the remainder when 152 is divided by 56?
40
Calculate the remainder when 3106 is divided by 207.
1
What is the remainder when 3724 is divided by 13?
6
What is the remainder when 1371 is divided by 127?
101
What is the remainder when 500 is divided by 6?
2
What is the remainder when 44 is divided by 15?
14
What is the remainder when 666 is divided by 346?
320
What is the remainder when 2937 is divided by 133?
11
What is the remainder when 111 is divided by 34?
9
What is the remainder when 116 is divided by 42?
32
What is the remainder when 577 is divided by 293?
284
What is the remainder when 127 is divided by 104?
23
Calculate the remainder when 5369 is divided by 21.
14
Calculate the remainder when 757 is divided by 24.
13
What is the remainder when 925 is divided by 60?
25
Calculate the remainder when 12878 is divided by 112.
110
Calculate the remainder when 405 is divided by 24.
21
Calculate the remainder when 310 is divided by 24.
22
What is the remainder when 1066 is divided by 152?
2
What is the remainder when 261 is divided by 70?
51
What is the remainder when 95 is divided by 16?
15
What is the remainder when 69 is divided by 67?
2
What is the remainder when 17 is divided by 14?
3
Calculate the remainder when 195 is divided by 9.
6
What is the remainder when 694 is divided by 29?
27
Calculate the remainder when 578 is divided by 31.
20
What is the remainder when 256 is divided by 67?
55
Calculate the remainder when 1980 is divided by 27.
9
What is the remainder when 809 is divided by 4?
1
Calculate the remainder when 978 is divided by 98.
96
Calculate the remainder when 407 is divided by 10.
7
Calculate the remainder when 140 is divided by 89.
51
Calculate the remainder when 837 is divided by 56.
53
What is the remainder when 5147 is divided by 99?
98
Calculate the remainder when 1308 is divided by 112.
76
Calculate the remainder when 232 is divided by 62.
46
What is the remainder when 526 is divided by 11?
9
What is the remainder when 694 is divided by 176?
166
What is the remainder when 105 is divided by 38?
29
What is the remainder when 614 is divided by 14?
12
Calculate the remainder when 3395 is divided by 103.
99
What is the remainder when 1098 is divided by 32?
10
What is the remainder when 77 is divided by 9?
5
Calculate the remainder when 9375 is divided by 9.
6
What is the remainder when 2469 is divided by 103?
100
What is the remainder when 7801 is divided by 38?
11
Calculate the remainder when 5507 is divided by 54.
53
What is the remainder when 6254 is divided by 8?
6
Calculate the remainder when 1277 is divided by 211.
11
What is the remainder when 71 is divided by 37?
34
What is the remainder when 538 is divided by 33?
10
What is the remainder when 499 is divided by 1?
0
What is the remainder when 871 is divided by 90?
61
Calculate the remainder when 395 is divided by 82.
67
Calculate the remainder when 64 is divided by 10.
4
Calculate the remainder when 63 is divided by 8.
7
Calculate the remainder when 1018 is divided by 430.
158
What is the remainder when 1103 is divided by 14?
11
What is the remainder when 483 is divided by 54?
51
What is the remainder when 23 is divided by 9?
5
What is the remainder when 364 is divided by 121?
1
What is the remainder when 36 is divided by 18?
0
What is the remainder when 1061 is divided by 78?
47
Calculate the remainder when 2977 is divided by 594.
7
What is the remainder when 16528 is divided by 87?
85
What is the remainder when 331 is divided by 101?
28
What is the remainder when 278 is divided by 57?
50
Calculate the remainder when 620 is divided by 197.
29
What is the remainder when 422 is divided by 262?
160
Calculate the remainder when 949 is divided by 14.
11
What is the remainder when 2203 is divided by 731?
10
Calculate the remainder when 1798 is divided by 15.
13
Calculate the remainder when 541 is divided by 138.
127
Calculate the remainder when 605 is divided by 89.
71
Calculate the remainder when 368 is divided by 53.
50
What is the remainder when 391 is divided by 192?
7
What is the remainder when 388 is divided by 15?
13
Calculate the remainder when 144 is divided by 38.
30
What is the remainder when 824 is divided by 55?
54
What is the remainder when 152 is divided by 43?
23
What is the remainder when 96 is divided by 25?
21
Calculate the remainder when 730 is divided by 251.
228
Calculate the remainder when 618 is divided by 36.
6
Calculate the remainder when 93 is divided by 27.
12
Calculate the remainder when 32 is divided by 12.
8
What is the remainder when 22095 is divided by 11?
7
What is the remainder when 49 is divided by 49?
0
Calculate the remainder when 176 is divided by 16.
0
What is the remainder when 21290 is divided by 23?
15
Calculate the remainder when 119 is divided by 25.
19
Calculate the remainder when 767 is divided by 35.
32
What is the remainder when 530 is divided by 7?
5
What is the remainder when 2407 is divided by 10?
7
Calculate the remainder when 134 is divided by 29.
18
What is the remainder when 22575 is divided by 213?
210
Calculate the remainder when 478 is di